314.
1
What is the remainder when 21354 is divided by 12?
6
Calculate the remainder when 15228 is divided by 10.
8
Calculate the remainder when 16274 is divided by 217.
216
Calculate the remainder when 363 is divided by 338.
25
Calculate the remainder when 375551 is divided by 84.
71
Calculate the remainder when 108746 is divided by 69.
2
Calculate the remainder when 742754 is divided by 164.
162
Calculate the remainder when 187690 is divided by 13.
9
What is the remainder when 11127 is divided by 359?
357
What is the remainder when 9670 is divided by 151?
6
Calculate the remainder when 9447 is divided by 133.
4
What is the remainder when 40459 is divided by 95?
84
What is the remainder when 51611 is divided by 506?
505
Calculate the remainder when 8172 is divided by 7.
3
What is the remainder when 206118 is divided by 56?
38
Calculate the remainder when 2372 is divided by 300.
272
What is the remainder when 87441 is divided by 9697?
168
Calculate the remainder when 198347 is divided by 1653.
1640
Calculate the remainder when 49413 is divided by 426.
423
Calculate the remainder when 737 is divided by 191.
164
Calculate the remainder when 17265 is divided by 432.
417
Calculate the remainder when 215850 is divided by 6.
0
Calculate the remainder when 18190 is divided by 477.
64
What is the remainder when 15249 is divided by 3025?
124
What is the remainder when 17983 is divided by 125?
108
What is the remainder when 198894 is divided by 16?
14
What is the remainder when 5778 is divided by 26?
6
What is the remainder when 6350 is divided by 372?
26
Calculate the remainder when 4165 is divided by 48.
37
Calculate the remainder when 3181 is divided by 3180.
1
Calculate the remainder when 9412 is divided by 133.
102
What is the remainder when 104997 is divided by 34947?
156
What is the remainder when 8037 is divided by 501?
21
Calculate the remainder when 106397 is divided by 739.
720
Calculate the remainder when 15108 is divided by 343.
16
Calculate the remainder when 4791 is divided by 127.
92
Calculate the remainder when 5535 is divided by 802.
723
What is the remainder when 1526 is divided by 1481?
45
Calculate the remainder when 9076 is divided by 1802.
66
Calculate the remainder when 10271 is divided by 401.
246
Calculate the remainder when 1171 is divided by 402.
367
What is the remainder when 2891 is divided by 483?
476
Calculate the remainder when 110553 is divided by 206.
137
What is the remainder when 1922516 is divided by 296?
292
Calculate the remainder when 853 is divided by 606.
247
Calculate the remainder when 190 is divided by 93.
4
What is the remainder when 52424 is divided by 564?
536
What is the remainder when 1914 is divided by 276?
258
Calculate the remainder when 17489 is divided by 208.
17
What is the remainder when 90340 is divided by 92?
88
What is the remainder when 50417 is divided by 50372?
45
What is the remainder when 2205 is divided by 77?
49
What is the remainder when 3023 is divided by 579?
128
Calculate the remainder when 10310 is divided by 123.
101
Calculate the remainder when 5907 is divided by 51.
42
Calculate the remainder when 16658 is divided by 463.
453
What is the remainder when 7462 is divided by 500?
462
What is the remainder when 10073 is divided by 1254?
41
What is the remainder when 142558 is divided by 76?
58
What is the remainder when 1777 is divided by 363?
325
What is the remainder when 51738 is divided by 229?
213
Calculate the remainder when 26596 is divided by 21.
10
Calculate the remainder when 8451 is divided by 845.
1
Calculate the remainder when 46919 is divided by 15.
14
What is the remainder when 17764 is divided by 5918?
10
What is the remainder when 5675 is divided by 40?
35
Calculate the remainder when 2306 is divided by 1134.
38
What is the remainder when 214775 is divided by 342?
341
Calculate the remainder when 19296 is divided by 1753.
13
Calculate the remainder when 33991 is divided by 11299.
94
Calculate the remainder when 246125 is divided by 254.
253
Calculate the remainder when 157 is divided by 73.
11
What is the remainder when 2383 is divided by 2380?
3
Calculate the remainder when 35826 is divided by 7158.
36
What is the remainder when 46172 is divided by 1353?
170
What is the remainder when 213 is divided by 3?
0
Calculate the remainder when 6041 is divided by 260.
61
Calculate the remainder when 734 is divided by 32.
30
Calculate the remainder when 4028 is divided by 1.
0
What is the remainder when 1580 is divided by 262?
8
Calculate the remainder when 446 is divided by 111.
2
Calculate the remainder when 44763 is divided by 14920.
3
Calculate the remainder when 2785 is divided by 469.
440
What is the remainder when 742124 is divided by 1979?
1978
What is the remainder when 420012 is divided by 14483?
5
Calculate the remainder when 190992 is divided by 179.
178
What is the remainder when 61309 is divided by 1703?
1
Calculate the remainder when 150825 is divided by 22.
15
What is the remainder when 272930 is divided by 8?
2
What is the remainder when 910357 is divided by 55?
52
Calculate the remainder when 5220994 is divided by 37.
35
What is the remainder when 878402 is divided by 33?
8
Calculate the remainder when 429665 is divided by 652.
649
Calculate the remainder when 47936 is divided by 5325.
11
Calculate the remainder when 4700 is divided by 157.
147
Calculate the remainder when 11007 is divided by 299.
243
What is the remainder when 48652 is divided by 6?
4
Calculate the remainder when 1715 is divided by 62.
41
What is the remainder when 5743630 is divided by 169?
165
Calculate the remainder when 3442 is divided by 111.
1
What is the remainder when 3485 is divided by 3156?
329
What is the remainder when 4156 is divided by 1755?
646
What is the remainder when 330275 is divided by 48?
35
What is the remainder when 98678 is divided by 111?
110
What is the remainder when 16854 is divided by 23?
18
Calculate the remainder when 7082 is divided by 2981.
1120
What is the remainder when 3279 is divided by 581?
374
Calculate the remainder when 23412 is divided by 142.
124
Calculate the remainder when 60 is divided by 11.
5
What is the remainder when 32468 is divided by 198?
194
Calculate the remainder when 2500 is divided by 249.
10
What is the remainder when 820 is divided by 76?
60
Calculate the remainder when 1975 is divided by 10.
5
Calculate the remainder when 656 is divided by 298.
60
What is the remainder when 35473 is divided by 5909?
19
Calculate the remainder when 66055 is divided by 13209.
10
What is the remainder when 1135 is divided by 861?
274
What is the remainder when 10563 is divided by 325?
163
What is the remainder when 88398 is divided by 100?
98
Calculate the remainder when 76645 is divided by 25.
20
What is the remainder when 84337 is divided by 116?
5
What is the remainder when 19572 is divided by 2828?
2604
Calculate the remainder when 1770 is divided by 178.
168
What is the remainder when 3776 is divided by 49?
3
Calculate the remainder when 17615 is divided by 198.
191
Calculate the remainder when 31240 is divided by 157.
154
What is the remainder when 10610 is divided by 1060?
10
Calculate the remainder when 1572 is divided by 425.
297
What is the remainder when 50246 is divided by 67?
63
Calculate the remainder when 55455 is divided by 11076.
75
Calculate the remainder when 20707 is divided by 10343.
21
Calculate the remainder when 174974 is divided by 25.
24
What is the remainder when 30611 is divided by 1178?
1161
What is the remainder when 5172 is divided by 37?
29
What is the remainder when 896 is divided by 125?
21
What is the remainder when 934 is divided by 923?
11
What is the remainder when 1334 is divided by 728?
606
Calculate the remainder when 184030 is divided by 2164.
90
Calculate the remainder when 1046 is divided by 1023.
23
What is the remainder when 110726 is divided by 13?
5
Calculate the remainder when 454349 is divided by 130.
129
What is the remainder when 292441 is divided by 33?
28
What is the remainder when 1338 is divided by 394?
156
What is the remainder when 190160 is divided by 47533?
28
Calculate the remainder when 83599 is divided by 44.
43
What is the remainder when 1383143 is divided by 15?
8
Calculate the rem